 ((-35)/(-14))/(2/356). Let m be 2/12 + o/30. What is the remainder when 58 is divided by m - 2/6*0?
13
Let g = -74 - -78. Suppose 4*p - 5 = 3*p - g*j, 6 = 5*p + j. Suppose -3*b - 4*n = 13, -3*b - 4*n - 1 = -3*n. What is the remainder when p is divided by b?
0
Let g = 32 - 22. Let w = -2 + 7. Suppose -2*q = 5*x + 7, 0 = q + 5*x - 2*x + w. What is the remainder when g is divided by q?
2
Suppose w + 3*m = 3, 4*w + 3*m + 0*m = -6. Let x be 6 - (w - (1 + -1)). Suppose 4*j - x - 15 = 0. What is the remainder when 15 is divided by j?
3
Calculate the remainder when 1315 is divided by 6/(-42) + ((-183)/(-7) - -2).
27
Suppose 298 = -4*n + 8*n + 3*m, 2*m = -4*n + 296. Calculate the remainder when n is divided by 27.
19
Let w = 8 - 1. Suppose w*v - 245 = 2*v. Suppose -17509*o + 17498*o + 187 = 0. What is the remainder when v is divided by o?
15
Suppose -191*b + 64 = -187*b. What is the remainder when b is divided by 13?
3
Let t(r) be the second derivative of r**4/12 + 4*r**3/3 + 5*r**2 + 2*r. Calculate the remainder when 25 is divided by t(-8).
5
Let k(j) = 5 - j - 7 + 1 + 0. Let r be k(0). Let w(v) = -42*v**3 + 2*v**2 + v. What is the remainder when w(r) is divided by 11?
10
Let x(r) = 2*r**2 - r - 7. What is the remainder when x(-6) is divided by 48/(-10)*30/(-12)?
11
Let m = 3 + 2. Suppose -c = -2*a + 4*c + 25, c = m*a - 28. Suppose -5*i - 5*o = -65, 47 = 6*i - 2*i - o. What is the remainder when i is divided by a?
2
Suppose 5*l - 31 = 2*o + 27, -2*l + 2*o = -28. Calculate the remainder when l is divided by 3.
1
Calculate the remainder when 307 is divided by 63/756 + (-287)/(-12).
19
Suppose c + 8 = -c, 28 = 4*f - 2*c. Suppose 6 = g - f. Calculate the remainder when 32 is divided by g.
10
Let l(u) = 2*u**3 + 3*u**2 + u + 4. Let n be l(-3). Let j be 8/(-52) + (-56)/n. Let k(y) = 4*y**3 + 2*y - 2. What is the remainder when k(j) is divided by 18?
16
Let c be -4 + 2 - (-12 + 14). Calculate the remainder when 262 is divided by (c/8)/(((-9)/264)/3).
42
Let j(t) = 10*t - 20. Let b be j(6). Suppose a + 2*f = b + 2, -4*f = a - 36. What is the remainder when 188 is divided by a?
44
Suppose -4*a = -5*q + 667, -2*q + 313 = -5*a + 36. What is the remainder when q is divided by 27?
23
Suppose 0 = -2*c - 25*c + 675. Calculate the remainder when 124 is divided by c.
24
Let j = -373 - -398. Calculate the remainder when 197 is divided by j.
22
Suppose -4*x = -7 - 141. Let h be (-10)/8*(-4)/1. Calculate the remainder when x is divided by (0 + h)/((-15)/(-30)).
7
Suppose 4*y - 28 = 3*y - 5*g, 5*y - 2*g = 5. Suppose -9*r + 4*r = -2*b - 118, -y*r = -4*b - 82. What is the remainder when 108 is divided by r?
20
Suppose -2*i + 59 = 49. Suppose -23 = -4*c + 5*u + 234, -2*u + 280 = i*c. What is the remainder when c is divided by 31?
27
Suppose 5*y - 2*j = 452 - 17, 3*j - 193 = -2*y. What is the remainder when y is divided by 40?
9
Calculate the remainder when (-37)/(-74) + (-1326)/(-4) is divided by 116.
100
Let i be -4 + 2 + (5611 - (5 - 3)). Suppose 2*d - 18 = -2*k + 4*d, -2*k + 23 = 3*d. Calculate the remainder when (-2)/17 - i/(-119) is divided by k.
7
Suppose 20 = -5*p + b, 5*p + 14 = 2*p + b. What is the remainder when 57 is divided by 60/(-25)*-1*(-20)/p?
9
Let w(v) = 11*v - 20. Let y = -50 - -53. Calculate the remainder when 59 is divided by w(y).
7
Let x(o) = -70*o + 9. Calculate the remainder when x(-1) is divided by 22.
13
Let a = -15 + 21. Suppose -3*f = -a, g + 0 = -f + 13. What is the remainder when g is divided by 3?
2
Let a = -6 - 24. Let h = 142 + a. Suppose 5*v = v + h. Calculate the remainder when 53 is divided by v.
25
Let l(w) = -w. Let d be l(-21). Let f = 0 + d. What is the remainder when 60 is divided by f?
18
Let w = 601 - 584. What is the remainder when 111 is divided by w?
9
Suppose -5*j + 17 = -3*k - 16, j = 4*k + 10. Suppose -3*c - 42 = -j*c. What is the remainder when c is divided by 4?
2
Let h = -47 + 23. Let l = h - -59. Suppose 61 = 6*k - l. What is the remainder when 30 is divided by k?
14
Let s = 3 + 2. Let t be ((-24)/(-7))/((-2)/(-14)). Let y = t - 5. What is the remainder when y is divided by s?
4
Suppose 0 = 4*f - 2 - 2. What is the remainder when -5 + f - (7 - 41) is divided by 8?
6
Let r = -1701 - -3969. Calculate the remainder when r/30 - 6/10 is divided by 19.
18
Suppose 0 = 218*a - 79*a - 14158 + 3316. Suppose 2*o = -0*o + 16. What is the remainder when a is divided by o?
6
Suppose 36 = 2*m - 16. Let d(v) = 14*v**2 - 11*v + 16. Calculate the remainder when d(2) is divided by m.
24
Let v(j) = -j**2 + j + 43. Let d be v(0). Let c = -29 + d. What is the remainder when 53 is divided by c?
11
Let b(k) = 2*k**2 + 23. Let c(w) = -2*w - 4. Let g be c(-2). Calculate the remainder when 64 is divided by b(g).
18
Let n = 22 + -20. Suppose -7*d - 22 = n*j - 2*d, 15 = 5*j - 5*d. What is the remainder when 0 + j + (30 - -2) is divided by 11?
9
Suppose -j = -3*x - 31, 31 = 2*j - 2*x - 11. Suppose l + 243 = 3*h + 15, -4*h = 2*l - 294. What is the remainder when h is divided by j?
11
Suppose w + 1 + 8 = 0. What is the remainder when ((-6)/w)/((-18)/(-6993)) is divided by 29?
27
Suppose 4*h + 3*y = 17, 41 - 22 = 4*h + y. What is the remainder when h is divided by ((-10)/15)/((-2)/9)?
2
Suppose -21 = 7*a - 154. Let y = 23 - a. What is the remainder when 11 is divided by y?
3
What is the remainder when 28 is divided by ((-5)/25)/((-4)/40)?
0
Suppose 0 = 11*x - 100 - 373. What is the remainder when 1332 is divided by x?
42
Let p = 50 - 17. Suppose 5*d = -u - u + p, -26 = -4*u - 2*d. Suppose 0 = -6*b - 9*b + 105. Calculate the remainder when b is divided by u.
3
Let h(k) = -k**2 - 9*k + 17. Calculate the remainder when 106 is divided by h(-5).
32
Let f(o) = -o**3 + o**2 + o + 17. Let y(k) = -21*k + 6. What is the remainder when y(-2) is divided by f(0)?
14
Suppose s + 11 = 46. Suppose -s = -m + 20. Let k = 48 - 29. What is the remainder when m is divided by k?
17
Suppose 6*j - j - 130 = -2*s, 5*j = -s + 60. What is the remainder when s is divided by 6?
4
Suppose 4*i = 2*i + 56. Suppose -2*y + 5*w = -318 + 125, 3*w = -3*y + 342. What is the remainder when y is divided by i?
25
Let t be ((-4)/12)/((-1)/(-9)) + 324. Suppose -5*m + m + 336 = 4*i, -4*i - m = -t. What is the remainder when i is divided by 21?
16
Let l = -26 - -16. Let q = 42 - l. Suppose q = -g + 3*g. Calculate the remainder when 102 is divided by g.
24
Suppose 8*j - 8 = 6*j, -4*b + 404 = -4*j. Calculate the remainder when b is divided by 12.
9
Suppose -5*r + 0*r = 0. Suppose -5*n + 7 + 13 = r. Suppose -6*k + 114 = -n*k. What is the remainder when k is divided by 20?
17
Suppose -k - 4*b - 15 = 0, -b = -4*k - 5*b. What is the remainder when 8 is divided by k?
3
Suppose 3*p = 5*q + p - 163, -162 = -5*q + 3*p. Suppose -71 = -3*z + f, 3*z - 3*f - 30 = q. What is the remainder when z is divided by 13?
12
Suppose -60*y = -341 - 19. Suppose 3*u - 10 + 1 = 0. What is the remainder when y is divided by u?
0
Let t be ((-3)/(-2))/(4/8). Let v(l) = 8*l. Let g(a) = 5*a - 21. Calculate the remainder when v(t) is divided by g(6).
6
Suppose r = 5*r + 4*w - 80, 24 = r + 2*w. What is the remainder when 56 is divided by r?
8
Suppose -g = p, 3*p - 4*p = 5*g + 8. Calculate the remainder when 34 is divided by (-33)/(-55)*(2 - p - -15).
7
Let a = 22 + -3. Let d = -14 + a. Calculate the remainder when d is divided by 1.
0
Let t = 60 + -41. Suppose -t*b + 23*b - 100 = 0. What is the remainder when 49 is divided by b?
24
Let g(y) = -y**2 + 11*y + 3. Let h be g(11). Suppose -20 - 16 = h*q. Calculate the remainder when 15 is divided by -3*(-3 - (-4)/q).
5
Suppose -20 = -2*s + 20. Suppose s = -5*o - 4*h, h = o + 3*o - 5. Suppose 0*k + 5*k + 3*w - 582 = 0, o = -w + 4. What is the remainder when k is divided by 23?
22
Let q(r) = 9*r**2 - 3*r - 4. Suppose -4 + 13 = 3*t + z, t - 8 = -2*z. What is the remainder when 74 is divided by q(t)?
22
Suppose 30 + 75 = 5*b. Let k = -3085 - -3158. Calculate the remainder when k is divided by b.
10
Let b = 18 - 19. What is the remainder when 62 is divided by (6/(-5)*b)/(30/525)?
20
Let w be (-1 - (-134)/(-2))*-4. Suppose l = -y + 73 + 60, w = 2*l + 4*y. What is the remainder when l is divided by 44?
42
Let y = 916 + -895. Calculate the remainder when 482 is divided by y.
20
Let d be 4 